[INFO] fetching crate assets 0.3.0...
[INFO] building assets-0.3.0 against master#881c1ac408d93bb7adaa3a51dabab9266e82eee8 for issue-85264
[INFO] extracting crate assets 0.3.0 into /workspace/builds/worker-6/source
[INFO] validating manifest of crates.io crate assets 0.3.0 on toolchain 881c1ac408d93bb7adaa3a51dabab9266e82eee8
[INFO] running `Command { std: "/workspace/cargo-home/bin/cargo" "+881c1ac408d93bb7adaa3a51dabab9266e82eee8" "metadata" "--manifest-path" "Cargo.toml" "--no-deps", kill_on_drop: false }`
[INFO] started tweaking crates.io crate assets 0.3.0
[INFO] finished tweaking crates.io crate assets 0.3.0
[INFO] tweaked toml for crates.io crate assets 0.3.0 written to /workspace/builds/worker-6/source/Cargo.toml
[INFO] running `Command { std: "/workspace/cargo-home/bin/cargo" "+881c1ac408d93bb7adaa3a51dabab9266e82eee8" "generate-lockfile" "--manifest-path" "Cargo.toml" "-Zno-index-update", kill_on_drop: false }`
[INFO] running `Command { std: "/workspace/cargo-home/bin/cargo" "+881c1ac408d93bb7adaa3a51dabab9266e82eee8" "fetch" "--manifest-path" "Cargo.toml", kill_on_drop: false }`
[INFO] [stderr]  Downloading crates ...
[INFO] [stderr]   Downloaded mio-misc v1.0.1
[INFO] [stderr]   Downloaded winit v0.25.0
[INFO] [stderr]   Downloaded specs_bundler v0.5.0
[INFO] [stderr]   Downloaded specs_transform v0.4.5
[INFO] [stderr]   Downloaded specs_camera v0.4.3
[INFO] [stderr]   Downloaded specs_guided_join v0.2.1
[INFO] [stderr]   Downloaded imagefmt v4.0.0
[INFO] [stderr]   Downloaded specs_sprite v0.4.3
[INFO] [stderr]   Downloaded type-name v0.1.0
[INFO] [stderr]   Downloaded specs_time v0.5.2
[INFO] [stderr]   Downloaded specs_scene_graph v0.2.3
[INFO] [stderr]   Downloaded gl_helpers v0.1.8
[INFO] running `Command { std: "docker" "create" "-v" "/var/lib/crater-agent-workspace/builds/worker-6/target:/opt/rustwide/target:rw,Z" "-v" "/var/lib/crater-agent-workspace/builds/worker-6/source:/opt/rustwide/workdir:ro,Z" "-v" "/var/lib/crater-agent-workspace/cargo-home:/opt/rustwide/cargo-home:ro,Z" "-v" "/var/lib/crater-agent-workspace/rustup-home:/opt/rustwide/rustup-home:ro,Z" "-e" "SOURCE_DIR=/opt/rustwide/workdir" "-e" "CARGO_TARGET_DIR=/opt/rustwide/target" "-e" "CARGO_HOME=/opt/rustwide/cargo-home" "-e" "RUSTUP_HOME=/opt/rustwide/rustup-home" "-w" "/opt/rustwide/workdir" "-m" "1610612736" "--user" "0:0" "--network" "none" "ghcr.io/rust-lang/crates-build-env/linux@sha256:20528e8c29e4536546f0102ce88568b16ea7538393a33fcca951030f7af10457" "/opt/rustwide/cargo-home/bin/cargo" "+881c1ac408d93bb7adaa3a51dabab9266e82eee8" "metadata" "--no-deps" "--format-version=1", kill_on_drop: false }`
[INFO] [stdout] 1fba2bccac3277a2324feae35c67a89db52cff78a18525fef5d01089abee609d
[INFO] [stderr] WARNING: Your kernel does not support swap limit capabilities or the cgroup is not mounted. Memory limited without swap.
[INFO] running `Command { std: "docker" "start" "-a" "1fba2bccac3277a2324feae35c67a89db52cff78a18525fef5d01089abee609d", kill_on_drop: false }`
[INFO] running `Command { std: "docker" "inspect" "1fba2bccac3277a2324feae35c67a89db52cff78a18525fef5d01089abee609d", kill_on_drop: false }`
[INFO] running `Command { std: "docker" "rm" "-f" "1fba2bccac3277a2324feae35c67a89db52cff78a18525fef5d01089abee609d", kill_on_drop: false }`
[INFO] [stdout] 1fba2bccac3277a2324feae35c67a89db52cff78a18525fef5d01089abee609d
[INFO] running `Command { std: "docker" "create" "-v" "/var/lib/crater-agent-workspace/builds/worker-6/target:/opt/rustwide/target:rw,Z" "-v" "/var/lib/crater-agent-workspace/builds/worker-6/source:/opt/rustwide/workdir:ro,Z" "-v" "/var/lib/crater-agent-workspace/cargo-home:/opt/rustwide/cargo-home:ro,Z" "-v" "/var/lib/crater-agent-workspace/rustup-home:/opt/rustwide/rustup-home:ro,Z" "-e" "SOURCE_DIR=/opt/rustwide/workdir" "-e" "CARGO_TARGET_DIR=/opt/rustwide/target" "-e" "CARGO_INCREMENTAL=0" "-e" "RUST_BACKTRACE=full" "-e" "RUSTFLAGS=--cap-lints=forbid" "-e" "CARGO_HOME=/opt/rustwide/cargo-home" "-e" "RUSTUP_HOME=/opt/rustwide/rustup-home" "-w" "/opt/rustwide/workdir" "-m" "1610612736" "--user" "0:0" "--network" "none" "ghcr.io/rust-lang/crates-build-env/linux@sha256:20528e8c29e4536546f0102ce88568b16ea7538393a33fcca951030f7af10457" "/opt/rustwide/cargo-home/bin/cargo" "+881c1ac408d93bb7adaa3a51dabab9266e82eee8" "build" "--frozen" "--message-format=json", kill_on_drop: false }`
[INFO] [stdout] 684f4c657ab0e668c0d2f40d3b571dee7fa1cd274d07a66879b91920e9bd3527
[INFO] [stderr] WARNING: Your kernel does not support swap limit capabilities or the cgroup is not mounted. Memory limited without swap.
[INFO] running `Command { std: "docker" "start" "-a" "684f4c657ab0e668c0d2f40d3b571dee7fa1cd274d07a66879b91920e9bd3527", kill_on_drop: false }`
[INFO] [stderr]    Compiling scopeguard v1.1.0
[INFO] [stderr]    Compiling syn v1.0.72
[INFO] [stderr]    Compiling itoa v0.4.7
[INFO] [stderr]    Compiling atom v0.3.6
[INFO] [stderr]    Compiling fnv v1.0.7
[INFO] [stderr]    Compiling crossbeam-utils v0.8.4
[INFO] [stderr]    Compiling memoffset v0.6.4
[INFO] [stderr]    Compiling rayon v1.5.1
[INFO] [stderr]    Compiling miniz-sys v0.1.12
[INFO] [stderr]    Compiling futures-cpupool v0.1.8
[INFO] [stderr]    Compiling serde_json v1.0.64
[INFO] [stderr]    Compiling flate2 v0.2.20
[INFO] [stderr]    Compiling crossbeam-epoch v0.9.4
[INFO] [stderr]    Compiling crossbeam-channel v0.5.1
[INFO] [stderr]    Compiling imagefmt v4.0.0
[INFO] [stderr]    Compiling crossbeam-deque v0.8.0
[INFO] [stderr]    Compiling rayon-core v1.9.1
[INFO] [stderr]    Compiling hibitset v0.5.4
[INFO] [stderr]    Compiling serde_derive v1.0.126
[INFO] [stderr]    Compiling assets v0.3.0 (/opt/rustwide/workdir)
[INFO] [stdout] warning: anonymous parameters are deprecated and will be removed in the next edition.
[INFO] [stdout]  --> src/export.rs:7:15
[INFO] [stdout]   |
[INFO] [stdout] 7 |     fn export(&Self::Input, Self::Options) -> Result<Self::Output, Self::Error>;
[INFO] [stdout]   |               ^^^^^^^^^^^^ help: try naming the parameter or explicitly ignoring it: `_: &Self::Input`
[INFO] [stdout]   |
[INFO] [stdout]   = note: `#[warn(anonymous_parameters)]` on by default
[INFO] [stdout]   = warning: this was previously accepted by the compiler but is being phased out; it will become a hard error in the 2018 edition!
[INFO] [stdout]   = note: for more information, see issue #41686 <https://github.com/rust-lang/rust/issues/41686>
[INFO] [stdout] 
[INFO] [stdout] 
[INFO] [stdout] warning: anonymous parameters are deprecated and will be removed in the next edition.
[INFO] [stdout]  --> src/export.rs:7:29
[INFO] [stdout]   |
[INFO] [stdout] 7 |     fn export(&Self::Input, Self::Options) -> Result<Self::Output, Self::Error>;
[INFO] [stdout]   |                             ^^^^^^^^^^^^^ help: try naming the parameter or explicitly ignoring it: `_: Self::Options`
[INFO] [stdout]   |
[INFO] [stdout]   = warning: this was previously accepted by the compiler but is being phased out; it will become a hard error in the 2018 edition!
[INFO] [stdout]   = note: for more information, see issue #41686 <https://github.com/rust-lang/rust/issues/41686>
[INFO] [stdout] 
[INFO] [stdout] 
[INFO] [stdout] warning: anonymous parameters are deprecated and will be removed in the next edition.
[INFO] [stdout]   --> src/exporter.rs:10:22
[INFO] [stdout]    |
[INFO] [stdout] 10 |     fn export(&self, Self::Input, Self::Path, Self::Options) -> Self::Future;
[INFO] [stdout]    |                      ^^^^^^^^^^^ help: try naming the parameter or explicitly ignoring it: `_: Self::Input`
[INFO] [stdout]    |
[INFO] [stdout]    = warning: this was previously accepted by the compiler but is being phased out; it will become a hard error in the 2018 edition!
[INFO] [stdout]    = note: for more information, see issue #41686 <https://github.com/rust-lang/rust/issues/41686>
[INFO] [stdout] 
[INFO] [stdout] 
[INFO] [stdout] warning: anonymous parameters are deprecated and will be removed in the next edition.
[INFO] [stdout]   --> src/exporter.rs:10:35
[INFO] [stdout]    |
[INFO] [stdout] 10 |     fn export(&self, Self::Input, Self::Path, Self::Options) -> Self::Future;
[INFO] [stdout]    |                                   ^^^^^^^^^^ help: try naming the parameter or explicitly ignoring it: `_: Self::Path`
[INFO] [stdout]    |
[INFO] [stdout]    = warning: this was previously accepted by the compiler but is being phased out; it will become a hard error in the 2018 edition!
[INFO] [stdout]    = note: for more information, see issue #41686 <https://github.com/rust-lang/rust/issues/41686>
[INFO] [stdout] 
[INFO] [stdout] 
[INFO] [stdout] warning: anonymous parameters are deprecated and will be removed in the next edition.
[INFO] [stdout]   --> src/exporter.rs:10:47
[INFO] [stdout]    |
[INFO] [stdout] 10 |     fn export(&self, Self::Input, Self::Path, Self::Options) -> Self::Future;
[INFO] [stdout]    |                                               ^^^^^^^^^^^^^ help: try naming the parameter or explicitly ignoring it: `_: Self::Options`
[INFO] [stdout]    |
[INFO] [stdout]    = warning: this was previously accepted by the compiler but is being phased out; it will become a hard error in the 2018 edition!
[INFO] [stdout]    = note: for more information, see issue #41686 <https://github.com/rust-lang/rust/issues/41686>
[INFO] [stdout] 
[INFO] [stdout] 
[INFO] [stdout] warning: anonymous parameters are deprecated and will be removed in the next edition.
[INFO] [stdout]  --> src/import.rs:7:15
[INFO] [stdout]   |
[INFO] [stdout] 7 |     fn import(Self::Input, Self::Options) -> Result<Self::Output, Self::Error>;
[INFO] [stdout]   |               ^^^^^^^^^^^ help: try naming the parameter or explicitly ignoring it: `_: Self::Input`
[INFO] [stdout]   |
[INFO] [stdout]   = warning: this was previously accepted by the compiler but is being phased out; it will become a hard error in the 2018 edition!
[INFO] [stdout]   = note: for more information, see issue #41686 <https://github.com/rust-lang/rust/issues/41686>
[INFO] [stdout] 
[INFO] [stdout] 
[INFO] [stdout] warning: anonymous parameters are deprecated and will be removed in the next edition.
[INFO] [stdout]  --> src/import.rs:7:28
[INFO] [stdout]   |
[INFO] [stdout] 7 |     fn import(Self::Input, Self::Options) -> Result<Self::Output, Self::Error>;
[INFO] [stdout]   |                            ^^^^^^^^^^^^^ help: try naming the parameter or explicitly ignoring it: `_: Self::Options`
[INFO] [stdout]   |
[INFO] [stdout]   = warning: this was previously accepted by the compiler but is being phased out; it will become a hard error in the 2018 edition!
[INFO] [stdout]   = note: for more information, see issue #41686 <https://github.com/rust-lang/rust/issues/41686>
[INFO] [stdout] 
[INFO] [stdout] 
[INFO] [stdout] warning: anonymous parameters are deprecated and will be removed in the next edition.
[INFO] [stdout]   --> src/importer.rs:10:22
[INFO] [stdout]    |
[INFO] [stdout] 10 |     fn import(&self, Self::Path, Self::Options) -> Self::Future;
[INFO] [stdout]    |                      ^^^^^^^^^^ help: try naming the parameter or explicitly ignoring it: `_: Self::Path`
[INFO] [stdout]    |
[INFO] [stdout]    = warning: this was previously accepted by the compiler but is being phased out; it will become a hard error in the 2018 edition!
[INFO] [stdout]    = note: for more information, see issue #41686 <https://github.com/rust-lang/rust/issues/41686>
[INFO] [stdout] 
[INFO] [stdout] 
[INFO] [stdout] warning: anonymous parameters are deprecated and will be removed in the next edition.
[INFO] [stdout]   --> src/importer.rs:10:34
[INFO] [stdout]    |
[INFO] [stdout] 10 |     fn import(&self, Self::Path, Self::Options) -> Self::Future;
[INFO] [stdout]    |                                  ^^^^^^^^^^^^^ help: try naming the parameter or explicitly ignoring it: `_: Self::Options`
[INFO] [stdout]    |
[INFO] [stdout]    = warning: this was previously accepted by the compiler but is being phased out; it will become a hard error in the 2018 edition!
[INFO] [stdout]    = note: for more information, see issue #41686 <https://github.com/rust-lang/rust/issues/41686>
[INFO] [stdout] 
[INFO] [stdout] 
[INFO] [stdout] warning: trait objects without an explicit `dyn` are deprecated
[INFO] [stdout]   --> src/manager.rs:39:19
[INFO] [stdout]    |
[INFO] [stdout] 39 |     executor: Arc<Executor<Box<Future<Item = (), Error = ()> + Send>>>,
[INFO] [stdout]    |                   ^^^^^^^^^^^^^^^^^^^^^^^^^^^^^^^^^^^^^^^^^^^^^^^^^^^ help: use `dyn`: `dyn Executor<Box<Future<Item = (), Error = ()> + Send>>`
[INFO] [stdout]    |
[INFO] [stdout]    = note: `#[warn(bare_trait_objects)]` on by default
[INFO] [stdout]    = warning: this was previously accepted by the compiler but is being phased out; it will become a hard error in the 2021 edition!
[INFO] [stdout]    = note: for more information, see issue #80165 <https://github.com/rust-lang/rust/issues/80165>
[INFO] [stdout] 
[INFO] [stdout] 
[INFO] [stdout] warning: trait objects without an explicit `dyn` are deprecated
[INFO] [stdout]   --> src/manager.rs:39:32
[INFO] [stdout]    |
[INFO] [stdout] 39 |     executor: Arc<Executor<Box<Future<Item = (), Error = ()> + Send>>>,
[INFO] [stdout]    |                                ^^^^^^^^^^^^^^^^^^^^^^^^^^^^^^^^^^^^ help: use `dyn`: `dyn Future<Item = (), Error = ()> + Send`
[INFO] [stdout]    |
[INFO] [stdout]    = warning: this was previously accepted by the compiler but is being phased out; it will become a hard error in the 2021 edition!
[INFO] [stdout]    = note: for more information, see issue #80165 <https://github.com/rust-lang/rust/issues/80165>
[INFO] [stdout] 
[INFO] [stdout] 
[INFO] [stdout] warning: trait objects without an explicit `dyn` are deprecated
[INFO] [stdout]   --> src/manager.rs:65:23
[INFO] [stdout]    |
[INFO] [stdout] 65 |         executor: Arc<Executor<Box<Future<Item = (), Error = ()> + Send>>>,
[INFO] [stdout]    |                       ^^^^^^^^^^^^^^^^^^^^^^^^^^^^^^^^^^^^^^^^^^^^^^^^^^^ help: use `dyn`: `dyn Executor<Box<Future<Item = (), Error = ()> + Send>>`
[INFO] [stdout]    |
[INFO] [stdout]    = warning: this was previously accepted by the compiler but is being phased out; it will become a hard error in the 2021 edition!
[INFO] [stdout]    = note: for more information, see issue #80165 <https://github.com/rust-lang/rust/issues/80165>
[INFO] [stdout] 
[INFO] [stdout] 
[INFO] [stdout] warning: trait objects without an explicit `dyn` are deprecated
[INFO] [stdout]   --> src/manager.rs:65:36
[INFO] [stdout]    |
[INFO] [stdout] 65 |         executor: Arc<Executor<Box<Future<Item = (), Error = ()> + Send>>>,
[INFO] [stdout]    |                                    ^^^^^^^^^^^^^^^^^^^^^^^^^^^^^^^^^^^^ help: use `dyn`: `dyn Future<Item = (), Error = ()> + Send`
[INFO] [stdout]    |
[INFO] [stdout]    = warning: this was previously accepted by the compiler but is being phased out; it will become a hard error in the 2021 edition!
[INFO] [stdout]    = note: for more information, see issue #80165 <https://github.com/rust-lang/rust/issues/80165>
[INFO] [stdout] 
[INFO] [stdout] 
[INFO] [stdout] warning: variable does not need to be mutable
[INFO] [stdout]   --> src/storage.rs:36:21
[INFO] [stdout]    |
[INFO] [stdout] 36 |                 let mut vec = self.vec_as_mut();
[INFO] [stdout]    |                     ----^^^
[INFO] [stdout]    |                     |
[INFO] [stdout]    |                     help: remove this `mut`
[INFO] [stdout]    |
[INFO] [stdout]    = note: `#[warn(unused_mut)]` on by default
[INFO] [stdout] 
[INFO] [stdout] 
[INFO] [stdout] warning: 14 warnings emitted
[INFO] [stdout] 
[INFO] [stdout] 
[INFO] [stderr]     Finished dev [unoptimized + debuginfo] target(s) in 27.86s
[INFO] running `Command { std: "docker" "inspect" "684f4c657ab0e668c0d2f40d3b571dee7fa1cd274d07a66879b91920e9bd3527", kill_on_drop: false }`
[INFO] running `Command { std: "docker" "rm" "-f" "684f4c657ab0e668c0d2f40d3b571dee7fa1cd274d07a66879b91920e9bd3527", kill_on_drop: false }`
[INFO] [stdout] 684f4c657ab0e668c0d2f40d3b571dee7fa1cd274d07a66879b91920e9bd3527
[INFO] running `Command { std: "docker" "create" "-v" "/var/lib/crater-agent-workspace/builds/worker-6/target:/opt/rustwide/target:rw,Z" "-v" "/var/lib/crater-agent-workspace/builds/worker-6/source:/opt/rustwide/workdir:ro,Z" "-v" "/var/lib/crater-agent-workspace/cargo-home:/opt/rustwide/cargo-home:ro,Z" "-v" "/var/lib/crater-agent-workspace/rustup-home:/opt/rustwide/rustup-home:ro,Z" "-e" "SOURCE_DIR=/opt/rustwide/workdir" "-e" "CARGO_TARGET_DIR=/opt/rustwide/target" "-e" "CARGO_INCREMENTAL=0" "-e" "RUST_BACKTRACE=full" "-e" "RUSTFLAGS=--cap-lints=forbid" "-e" "CARGO_HOME=/opt/rustwide/cargo-home" "-e" "RUSTUP_HOME=/opt/rustwide/rustup-home" "-w" "/opt/rustwide/workdir" "-m" "1610612736" "--user" "0:0" "--network" "none" "ghcr.io/rust-lang/crates-build-env/linux@sha256:20528e8c29e4536546f0102ce88568b16ea7538393a33fcca951030f7af10457" "/opt/rustwide/cargo-home/bin/cargo" "+881c1ac408d93bb7adaa3a51dabab9266e82eee8" "test" "--frozen" "--no-run" "--message-format=json", kill_on_drop: false }`
[INFO] [stdout] 85af451aa74e78851ab3f10fe21541aad140dcd739e63f43999b393f24dda8ce
[INFO] [stderr] WARNING: Your kernel does not support swap limit capabilities or the cgroup is not mounted. Memory limited without swap.
[INFO] running `Command { std: "docker" "start" "-a" "85af451aa74e78851ab3f10fe21541aad140dcd739e63f43999b393f24dda8ce", kill_on_drop: false }`
[INFO] [stderr]    Compiling xml-rs v0.8.3
[INFO] [stderr]    Compiling log v0.4.14
[INFO] [stderr]    Compiling maybe-uninit v2.0.0
[INFO] [stderr]    Compiling smallvec v1.6.1
[INFO] [stderr]    Compiling semver-parser v0.7.0
[INFO] [stderr]    Compiling khronos_api v3.1.0
[INFO] [stderr]    Compiling scopeguard v0.3.3
[INFO] [stderr]    Compiling arrayvec v0.4.12
[INFO] [stderr]    Compiling nodrop v0.1.14
[INFO] [stderr]    Compiling mopa v0.2.2
[INFO] [stderr]    Compiling memoffset v0.2.1
[INFO] [stderr]    Compiling xdg v2.2.0
[INFO] [stderr]    Compiling syn v0.15.44
[INFO] [stderr]    Compiling once_cell v1.7.2
[INFO] [stderr]    Compiling crossbeam-utils v0.5.0
[INFO] [stderr]    Compiling ahash v0.3.8
[INFO] [stderr]    Compiling scoped-tls v1.0.0
[INFO] [stderr]    Compiling arrayvec v0.5.2
[INFO] [stderr]    Compiling shrev v1.1.1
[INFO] [stderr]    Compiling nix v0.18.0
[INFO] [stderr]    Compiling nix v0.14.1
[INFO] [stderr]    Compiling tuple_utils v0.3.0
[INFO] [stderr]    Compiling nonzero_signed v1.0.3
[INFO] [stderr]    Compiling ttf-parser v0.6.2
[INFO] [stderr]    Compiling ab_glyph_rasterizer v0.1.4
[INFO] [stderr]    Compiling void v1.0.2
[INFO] [stderr]    Compiling tuple_utils v0.2.0
[INFO] [stderr]    Compiling cast_trait v0.1.2
[INFO] [stderr]    Compiling type-name v0.1.0
[INFO] [stderr]    Compiling percent-encoding v2.1.0
[INFO] [stderr]    Compiling winit v0.25.0
[INFO] [stderr]    Compiling rand_core v0.3.1
[INFO] [stderr]    Compiling num-traits v0.2.14
[INFO] [stderr]    Compiling libloading v0.6.7
[INFO] [stderr]    Compiling hashbrown v0.7.2
[INFO] [stderr]    Compiling crossbeam-utils v0.7.2
[INFO] [stderr]    Compiling nom v6.1.2
[INFO] [stderr]    Compiling crossbeam-utils v0.6.6
[INFO] [stderr]    Compiling instant v0.1.9
[INFO] [stderr]    Compiling lock_api v0.4.4
[INFO] [stderr]    Compiling owning_ref v0.4.1
[INFO] [stderr]    Compiling wayland-sys v0.28.5
[INFO] [stderr]    Compiling x11-dl v2.18.5
[INFO] [stderr]    Compiling fxhash v0.2.1
[INFO] [stderr]    Compiling stb_truetype v0.3.1
[INFO] [stderr]    Compiling rand v0.6.5
[INFO] [stderr]    Compiling semver v0.9.0
[INFO] [stderr]    Compiling rand_xorshift v0.1.1
[INFO] [stderr]    Compiling rand_isaac v0.1.1
[INFO] [stderr]    Compiling rand_hc v0.1.0
[INFO] [stderr]    Compiling dlib v0.5.0
[INFO] [stderr]    Compiling dlib v0.4.2
[INFO] [stderr]    Compiling lock_api v0.1.5
[INFO] [stderr]    Compiling rand v0.5.6
[INFO] [stderr]    Compiling iovec v0.1.4
[INFO] [stderr]    Compiling memmap2 v0.1.0
[INFO] [stderr]    Compiling net2 v0.2.37
[INFO] [stderr]    Compiling parking_lot_core v0.8.3
[INFO] [stderr]    Compiling rand_os v0.1.3
[INFO] [stderr]    Compiling raw-window-handle v0.3.3
[INFO] [stderr]    Compiling shared_library v0.1.9
[INFO] [stderr]    Compiling memmap v0.7.0
[INFO] [stderr]    Compiling time v0.1.44
[INFO] [stderr]    Compiling nix v0.20.0
[INFO] [stderr]    Compiling rand_chacha v0.1.1
[INFO] [stderr]    Compiling wayland-sys v0.21.13
[INFO] [stderr]    Compiling rustc_version v0.2.3
[INFO] [stderr]    Compiling mio v0.7.11
[INFO] [stderr]    Compiling crossbeam-queue v0.3.1
[INFO] [stderr]    Compiling wayland-scanner v0.21.13
[INFO] [stderr]    Compiling wayland-scanner v0.28.5
[INFO] [stderr]    Compiling parking_lot v0.11.1
[INFO] [stderr]    Compiling mio v0.6.23
[INFO] [stderr]    Compiling osmesa-sys v0.1.2
[INFO] [stderr]    Compiling tynm v0.1.6
[INFO] [stderr]    Compiling smallvec v0.6.14
[INFO] [stderr]    Compiling gl_generator v0.14.0
[INFO] [stderr]    Compiling gl_generator v0.10.0
[INFO] [stderr]    Compiling owned_ttf_parser v0.6.0
[INFO] [stderr]    Compiling crossbeam-epoch v0.6.1
[INFO] [stderr]    Compiling crossbeam-epoch v0.5.2
[INFO] [stderr]    Compiling parking_lot_core v0.3.1
[INFO] [stderr]    Compiling parking_lot_core v0.4.0
[INFO] [stderr]    Compiling ordered-float v1.1.1
[INFO] [stderr]    Compiling approx v0.3.2
[INFO] [stderr]    Compiling vec3 v0.2.1
[INFO] [stderr]    Compiling line_drawing v0.7.0
[INFO] [stderr]    Compiling mio-extras v2.0.6
[INFO] [stderr]    Compiling rusttype v0.9.2
[INFO] [stderr]    Compiling crossbeam v0.8.0
[INFO] [stderr]    Compiling crossbeam-queue v0.2.3
[INFO] [stderr]    Compiling crossbeam-deque v0.5.2
[INFO] [stderr]    Compiling xcursor v0.3.3
[INFO] [stderr]    Compiling rusttype v0.8.3
[INFO] [stderr]    Compiling mio-misc v1.0.1
[INFO] [stderr]    Compiling vec2 v0.2.1
[INFO] [stderr]    Compiling mat4 v0.2.1
[INFO] [stderr]    Compiling shred v0.10.2
[INFO] [stderr]    Compiling hibitset v0.6.3
[INFO] [stderr]    Compiling shred v0.7.2
[INFO] [stderr]    Compiling andrew v0.3.1
[INFO] [stderr]    Compiling wayland-client v0.28.5
[INFO] [stderr]    Compiling wayland-protocols v0.28.5
[INFO] [stderr]    Compiling wayland-client v0.21.13
[INFO] [stderr]    Compiling wayland-protocols v0.21.13
[INFO] [stderr]    Compiling mat32 v0.2.1
[INFO] [stderr]    Compiling rusttype v0.7.9
[INFO] [stdout] warning: anonymous parameters are deprecated and will be removed in the next edition.
[INFO] [stdout]  --> src/export.rs:7:15
[INFO] [stdout]   |
[INFO] [stdout] 7 |     fn export(&Self::Input, Self::Options) -> Result<Self::Output, Self::Error>;
[INFO] [stdout]   |               ^^^^^^^^^^^^ help: try naming the parameter or explicitly ignoring it: `_: &Self::Input`
[INFO] [stdout]   |
[INFO] [stdout]   = note: `#[warn(anonymous_parameters)]` on by default
[INFO] [stdout]   = warning: this was previously accepted by the compiler but is being phased out; it will become a hard error in the 2018 edition!
[INFO] [stdout]   = note: for more information, see issue #41686 <https://github.com/rust-lang/rust/issues/41686>
[INFO] [stdout] 
[INFO] [stdout] 
[INFO] [stdout] warning: anonymous parameters are deprecated and will be removed in the next edition.
[INFO] [stdout]  --> src/export.rs:7:29
[INFO] [stdout]   |
[INFO] [stdout] 7 |     fn export(&Self::Input, Self::Options) -> Result<Self::Output, Self::Error>;
[INFO] [stdout]   |                             ^^^^^^^^^^^^^ help: try naming the parameter or explicitly ignoring it: `_: Self::Options`
[INFO] [stdout]   |
[INFO] [stdout]   = warning: this was previously accepted by the compiler but is being phased out; it will become a hard error in the 2018 edition!
[INFO] [stdout]   = note: for more information, see issue #41686 <https://github.com/rust-lang/rust/issues/41686>
[INFO] [stdout] 
[INFO] [stdout] 
[INFO] [stdout] warning: anonymous parameters are deprecated and will be removed in the next edition.
[INFO] [stdout]   --> src/exporter.rs:10:22
[INFO] [stdout]    |
[INFO] [stdout] 10 |     fn export(&self, Self::Input, Self::Path, Self::Options) -> Self::Future;
[INFO] [stdout]    |                      ^^^^^^^^^^^ help: try naming the parameter or explicitly ignoring it: `_: Self::Input`
[INFO] [stdout]    |
[INFO] [stdout]    = warning: this was previously accepted by the compiler but is being phased out; it will become a hard error in the 2018 edition!
[INFO] [stdout]    = note: for more information, see issue #41686 <https://github.com/rust-lang/rust/issues/41686>
[INFO] [stdout] 
[INFO] [stdout] 
[INFO] [stdout] warning: anonymous parameters are deprecated and will be removed in the next edition.
[INFO] [stdout]   --> src/exporter.rs:10:35
[INFO] [stdout]    |
[INFO] [stdout] 10 |     fn export(&self, Self::Input, Self::Path, Self::Options) -> Self::Future;
[INFO] [stdout]    |                                   ^^^^^^^^^^ help: try naming the parameter or explicitly ignoring it: `_: Self::Path`
[INFO] [stdout]    |
[INFO] [stdout]    = warning: this was previously accepted by the compiler but is being phased out; it will become a hard error in the 2018 edition!
[INFO] [stdout]    = note: for more information, see issue #41686 <https://github.com/rust-lang/rust/issues/41686>
[INFO] [stdout] 
[INFO] [stdout] 
[INFO] [stdout] warning: anonymous parameters are deprecated and will be removed in the next edition.
[INFO] [stdout]   --> src/exporter.rs:10:47
[INFO] [stdout]    |
[INFO] [stdout] 10 |     fn export(&self, Self::Input, Self::Path, Self::Options) -> Self::Future;
[INFO] [stdout]    |                                               ^^^^^^^^^^^^^ help: try naming the parameter or explicitly ignoring it: `_: Self::Options`
[INFO] [stdout]    |
[INFO] [stdout]    = warning: this was previously accepted by the compiler but is being phased out; it will become a hard error in the 2018 edition!
[INFO] [stdout]    = note: for more information, see issue #41686 <https://github.com/rust-lang/rust/issues/41686>
[INFO] [stdout] 
[INFO] [stdout] 
[INFO] [stdout] warning: anonymous parameters are deprecated and will be removed in the next edition.
[INFO] [stdout]  --> src/import.rs:7:15
[INFO] [stdout]   |
[INFO] [stdout] 7 |     fn import(Self::Input, Self::Options) -> Result<Self::Output, Self::Error>;
[INFO] [stdout]   |               ^^^^^^^^^^^ help: try naming the parameter or explicitly ignoring it: `_: Self::Input`
[INFO] [stdout]   |
[INFO] [stdout]   = warning: this was previously accepted by the compiler but is being phased out; it will become a hard error in the 2018 edition!
[INFO] [stdout]   = note: for more information, see issue #41686 <https://github.com/rust-lang/rust/issues/41686>
[INFO] [stdout] 
[INFO] [stdout] 
[INFO] [stdout] warning: anonymous parameters are deprecated and will be removed in the next edition.
[INFO] [stdout]  --> src/import.rs:7:28
[INFO] [stdout]   |
[INFO] [stdout] 7 |     fn import(Self::Input, Self::Options) -> Result<Self::Output, Self::Error>;
[INFO] [stdout]   |                            ^^^^^^^^^^^^^ help: try naming the parameter or explicitly ignoring it: `_: Self::Options`
[INFO] [stdout]   |
[INFO] [stdout]   = warning: this was previously accepted by the compiler but is being phased out; it will become a hard error in the 2018 edition!
[INFO] [stdout]   = note: for more information, see issue #41686 <https://github.com/rust-lang/rust/issues/41686>
[INFO] [stdout] 
[INFO] [stdout] 
[INFO] [stdout] warning: anonymous parameters are deprecated and will be removed in the next edition.
[INFO] [stdout]   --> src/importer.rs:10:22
[INFO] [stdout]    |
[INFO] [stdout] 10 |     fn import(&self, Self::Path, Self::Options) -> Self::Future;
[INFO] [stdout]    |                      ^^^^^^^^^^ help: try naming the parameter or explicitly ignoring it: `_: Self::Path`
[INFO] [stdout]    |
[INFO] [stdout]    = warning: this was previously accepted by the compiler but is being phased out; it will become a hard error in the 2018 edition!
[INFO] [stdout]    = note: for more information, see issue #41686 <https://github.com/rust-lang/rust/issues/41686>
[INFO] [stdout] 
[INFO] [stdout] 
[INFO] [stdout] warning: anonymous parameters are deprecated and will be removed in the next edition.
[INFO] [stdout]   --> src/importer.rs:10:34
[INFO] [stdout]    |
[INFO] [stdout] 10 |     fn import(&self, Self::Path, Self::Options) -> Self::Future;
[INFO] [stdout]    |                                  ^^^^^^^^^^^^^ help: try naming the parameter or explicitly ignoring it: `_: Self::Options`
[INFO] [stdout]    |
[INFO] [stdout]    = warning: this was previously accepted by the compiler but is being phased out; it will become a hard error in the 2018 edition!
[INFO] [stdout]    = note: for more information, see issue #41686 <https://github.com/rust-lang/rust/issues/41686>
[INFO] [stdout] 
[INFO] [stdout] 
[INFO] [stdout] warning: trait objects without an explicit `dyn` are deprecated
[INFO] [stdout]   --> src/manager.rs:39:19
[INFO] [stdout]    |
[INFO] [stdout] 39 |     executor: Arc<Executor<Box<Future<Item = (), Error = ()> + Send>>>,
[INFO] [stdout]    |                   ^^^^^^^^^^^^^^^^^^^^^^^^^^^^^^^^^^^^^^^^^^^^^^^^^^^ help: use `dyn`: `dyn Executor<Box<Future<Item = (), Error = ()> + Send>>`
[INFO] [stdout]    |
[INFO] [stdout]    = note: `#[warn(bare_trait_objects)]` on by default
[INFO] [stdout]    = warning: this was previously accepted by the compiler but is being phased out; it will become a hard error in the 2021 edition!
[INFO] [stdout]    = note: for more information, see issue #80165 <https://github.com/rust-lang/rust/issues/80165>
[INFO] [stdout] 
[INFO] [stdout] 
[INFO] [stdout] warning: trait objects without an explicit `dyn` are deprecated
[INFO] [stdout]   --> src/manager.rs:39:32
[INFO] [stdout]    |
[INFO] [stdout] 39 |     executor: Arc<Executor<Box<Future<Item = (), Error = ()> + Send>>>,
[INFO] [stdout]    |                                ^^^^^^^^^^^^^^^^^^^^^^^^^^^^^^^^^^^^ help: use `dyn`: `dyn Future<Item = (), Error = ()> + Send`
[INFO] [stdout]    |
[INFO] [stdout]    = warning: this was previously accepted by the compiler but is being phased out; it will become a hard error in the 2021 edition!
[INFO] [stdout]    = note: for more information, see issue #80165 <https://github.com/rust-lang/rust/issues/80165>
[INFO] [stdout] 
[INFO] [stdout] 
[INFO] [stdout] warning: trait objects without an explicit `dyn` are deprecated
[INFO] [stdout]   --> src/manager.rs:65:23
[INFO] [stdout]    |
[INFO] [stdout] 65 |         executor: Arc<Executor<Box<Future<Item = (), Error = ()> + Send>>>,
[INFO] [stdout]    |                       ^^^^^^^^^^^^^^^^^^^^^^^^^^^^^^^^^^^^^^^^^^^^^^^^^^^ help: use `dyn`: `dyn Executor<Box<Future<Item = (), Error = ()> + Send>>`
[INFO] [stdout]    |
[INFO] [stdout]    = warning: this was previously accepted by the compiler but is being phased out; it will become a hard error in the 2021 edition!
[INFO] [stdout]    = note: for more information, see issue #80165 <https://github.com/rust-lang/rust/issues/80165>
[INFO] [stdout] 
[INFO] [stdout] 
[INFO] [stdout] warning: trait objects without an explicit `dyn` are deprecated
[INFO] [stdout]   --> src/manager.rs:65:36
[INFO] [stdout]    |
[INFO] [stdout] 65 |         executor: Arc<Executor<Box<Future<Item = (), Error = ()> + Send>>>,
[INFO] [stdout]    |                                    ^^^^^^^^^^^^^^^^^^^^^^^^^^^^^^^^^^^^ help: use `dyn`: `dyn Future<Item = (), Error = ()> + Send`
[INFO] [stdout]    |
[INFO] [stdout]    = warning: this was previously accepted by the compiler but is being phased out; it will become a hard error in the 2021 edition!
[INFO] [stdout]    = note: for more information, see issue #80165 <https://github.com/rust-lang/rust/issues/80165>
[INFO] [stdout] 
[INFO] [stdout] 
[INFO] [stderr]    Compiling gl v0.11.0
[INFO] [stdout] warning: variable does not need to be mutable
[INFO] [stdout]   --> src/storage.rs:36:21
[INFO] [stdout]    |
[INFO] [stdout] 36 |                 let mut vec = self.vec_as_mut();
[INFO] [stdout]    |                     ----^^^
[INFO] [stdout]    |                     |
[INFO] [stdout]    |                     help: remove this `mut`
[INFO] [stdout]    |
[INFO] [stdout]    = note: `#[warn(unused_mut)]` on by default
[INFO] [stdout] 
[INFO] [stdout] 
[INFO] [stdout] warning: 14 warnings emitted
[INFO] [stdout] 
[INFO] [stdout] 
[INFO] [stderr]    Compiling glutin v0.19.0
[INFO] [stderr]    Compiling parking_lot v0.7.1
[INFO] [stderr]    Compiling parking_lot v0.6.4
[INFO] [stderr]    Compiling wayland-commons v0.21.13
[INFO] [stderr]    Compiling glutin_egl_sys v0.1.5
[INFO] [stderr]    Compiling glutin_glx_sys v0.1.7
[INFO] [stderr]    Compiling andrew v0.2.1
[INFO] [stderr]    Compiling specs v0.16.1
[INFO] [stderr]    Compiling wayland-commons v0.28.5
[INFO] [stderr]    Compiling calloop v0.6.5
[INFO] [stderr]    Compiling crossbeam-channel v0.2.6
[INFO] [stderr]    Compiling crossbeam v0.4.1
[INFO] [stderr]    Compiling specs_bundler v0.5.0
[INFO] [stderr]    Compiling specs_guided_join v0.2.1
[INFO] [stderr]    Compiling shred-derive v0.5.1
[INFO] [stderr]    Compiling derivative v1.0.4
[INFO] [stderr]    Compiling wayland-cursor v0.28.5
[INFO] [stderr]    Compiling wayland-egl v0.28.5
[INFO] [stderr]    Compiling gl_helpers v0.1.8
[INFO] [stderr]    Compiling specs v0.14.3
[INFO] [stderr]    Compiling specs_scene_graph v0.2.3
[INFO] [stderr]    Compiling specs_sprite v0.4.3
[INFO] [stderr]    Compiling specs_time v0.5.2
[INFO] [stdout] error[E0599]: no method named `register` found for mutable reference `&'world mut shred::world::World` in the current scope
[INFO] [stdout]   --> /opt/rustwide/cargo-home/registry/src/github.com-1ecc6299db9ec823/specs_scene_graph-0.2.3/src/scene_graph_bundle.rs:43:23
[INFO] [stdout]    |
[INFO] [stdout] 43 |         bundler.world.register::<P>();
[INFO] [stdout]    |                       ^^^^^^^^ method not found in `&'world mut shred::world::World`
[INFO] [stdout]    |
[INFO] [stdout]    = help: items from traits can only be used if the trait is in scope
[INFO] [stdout]    = note: the following trait is implemented but not in scope; perhaps add a `use` for it:
[INFO] [stdout]            `use specs::world::world_ext::WorldExt;`
[INFO] [stdout] 
[INFO] [stdout] 
[INFO] [stdout] error[E0609]: no field `res` on type `&'world mut shred::world::World`
[INFO] [stdout]   --> /opt/rustwide/cargo-home/registry/src/github.com-1ecc6299db9ec823/specs_scene_graph-0.2.3/src/scene_graph_bundle.rs:47:41
[INFO] [stdout]    |
[INFO] [stdout] 47 |         system.setup(&mut bundler.world.res);
[INFO] [stdout]    |                                         ^^^ unknown field
[INFO] [stdout] 
[INFO] [stdout] 
[INFO] [stdout] error[E0599]: no method named `add_resource` found for mutable reference `&'world mut shred::world::World` in the current scope
[INFO] [stdout]   --> /opt/rustwide/cargo-home/registry/src/github.com-1ecc6299db9ec823/specs_time-0.5.2/src/time_bundle.rs:41:23
[INFO] [stdout]    |
[INFO] [stdout] 41 |         bundler.world.add_resource(Time::<T>::default());
[INFO] [stdout]    |                       ^^^^^^^^^^^^ method not found in `&'world mut shred::world::World`
[INFO] [stdout]    |
[INFO] [stdout]    = help: items from traits can only be used if the trait is in scope
[INFO] [stdout]    = note: the following trait is implemented but not in scope; perhaps add a `use` for it:
[INFO] [stdout]            `use specs::world::world_ext::WorldExt;`
[INFO] [stdout] 
[INFO] [stdout] 
[INFO] [stdout] error[E0277]: the trait bound `for<'c> SceneGraphSystem<P>: shred::system::System<'c>` is not satisfied
[INFO] [stdout]   --> /opt/rustwide/cargo-home/registry/src/github.com-1ecc6299db9ec823/specs_scene_graph-0.2.3/src/scene_graph_bundle.rs:49:65
[INFO] [stdout]    |
[INFO] [stdout] 49 |         bundler.dispatcher_builder = bundler.dispatcher_builder.with(
[INFO] [stdout]    |                                                                 ^^^^ the trait `for<'c> shred::system::System<'c>` is not implemented for `SceneGraphSystem<P>`
[INFO] [stdout] 
[INFO] [stdout] 
[INFO] [stdout] error[E0599]: no method named `register` found for mutable reference `&'world mut shred::world::World` in the current scope
[INFO] [stdout]   --> /opt/rustwide/cargo-home/registry/src/github.com-1ecc6299db9ec823/specs_sprite-0.4.3/src/sprite_bundle.rs:44:23
[INFO] [stdout]    |
[INFO] [stdout] 44 |         bundler.world.register::<Sprite<T, I>>();
[INFO] [stdout]    |                       ^^^^^^^^ method not found in `&'world mut shred::world::World`
[INFO] [stdout]    |
[INFO] [stdout]    = help: items from traits can only be used if the trait is in scope
[INFO] [stdout]    = note: the following trait is implemented but not in scope; perhaps add a `use` for it:
[INFO] [stdout]            `use specs::world::world_ext::WorldExt;`
[INFO] [stdout] 
[INFO] [stdout] 
[INFO] [stdout] error[E0609]: no field `res` on type `&'world mut shred::world::World`
[INFO] [stdout]   --> /opt/rustwide/cargo-home/registry/src/github.com-1ecc6299db9ec823/specs_sprite-0.4.3/src/sprite_bundle.rs:48:41
[INFO] [stdout]    |
[INFO] [stdout] 48 |         system.setup(&mut bundler.world.res);
[INFO] [stdout]    |                                         ^^^ unknown field
[INFO] [stdout] 
[INFO] [stdout] 
[INFO] [stdout] error[E0277]: the trait bound `for<'c> TimeSystem<T>: shred::system::System<'c>` is not satisfied
[INFO] [stdout]   --> /opt/rustwide/cargo-home/registry/src/github.com-1ecc6299db9ec823/specs_time-0.5.2/src/time_bundle.rs:43:36
[INFO] [stdout]    |
[INFO] [stdout] 43 |         bundler.dispatcher_builder.add(
[INFO] [stdout]    |                                    ^^^ the trait `for<'c> shred::system::System<'c>` is not implemented for `TimeSystem<T>`
[INFO] [stdout] 
[INFO] [stdout] 
[INFO] [stdout] error[E0277]: the trait bound `for<'c> SpriteSystem<T, I>: shred::system::System<'c>` is not satisfied
[INFO] [stdout]   --> /opt/rustwide/cargo-home/registry/src/github.com-1ecc6299db9ec823/specs_sprite-0.4.3/src/sprite_bundle.rs:50:65
[INFO] [stdout]    |
[INFO] [stdout] 50 |         bundler.dispatcher_builder = bundler.dispatcher_builder.with(
[INFO] [stdout]    |                                                                 ^^^^ the trait `for<'c> shred::system::System<'c>` is not implemented for `SpriteSystem<T, I>`
[INFO] [stdout] 
[INFO] [stdout] 
[INFO] [stderr] error: could not compile `specs_time`
[INFO] [stdout] error: aborting due to 2 previous errors
[INFO] [stdout] 
[INFO] [stdout] 
[INFO] [stderr] 
[INFO] [stdout] Some errors have detailed explanations: E0277, E0599.
[INFO] [stdout] 
[INFO] [stderr] To learn more, run the command again with --verbose.
[INFO] [stdout] For more information about an error, try `rustc --explain E0277`.
[INFO] [stdout] 
[INFO] [stderr] warning: build failed, waiting for other jobs to finish...
[INFO] [stdout] error: aborting due to 3 previous errors
[INFO] [stdout] 
[INFO] [stdout] 
[INFO] [stdout] Some errors have detailed explanations: E0277, E0599, E0609.
[INFO] [stdout] 
[INFO] [stdout] For more information about an error, try `rustc --explain E0277`.
[INFO] [stdout] 
[INFO] [stdout] error: aborting due to 3 previous errors
[INFO] [stdout] 
[INFO] [stdout] 
[INFO] [stdout] Some errors have detailed explanations: E0277, E0599, E0609.
[INFO] [stdout] 
[INFO] [stdout] For more information about an error, try `rustc --explain E0277`.
[INFO] [stdout] 
[INFO] [stderr] error: build failed
[INFO] running `Command { std: "docker" "inspect" "85af451aa74e78851ab3f10fe21541aad140dcd739e63f43999b393f24dda8ce", kill_on_drop: false }`
[INFO] running `Command { std: "docker" "rm" "-f" "85af451aa74e78851ab3f10fe21541aad140dcd739e63f43999b393f24dda8ce", kill_on_drop: false }`
[INFO] [stdout] 85af451aa74e78851ab3f10fe21541aad140dcd739e63f43999b393f24dda8ce
